 + 0*i**3 + i. Let u be m(-1). Suppose -b - 3*b + 25 = 5*a, -u = -2*b + 5*a. What is the remainder when 19 is divided by b?
9
Let v = 10 - 10. Suppose -s + 3 + 6 = v. What is the remainder when 33 is divided by s?
6
Suppose -45 - 149 = 2*g. Let v = g + 145. Suppose 4*j + 12 - v = 0. What is the remainder when 25 is divided by j?
7
Let h(m) = -m**2 + 9*m - 7. Let r be h(6). Suppose o + 3*o = 0. Suppose 4*k - r - 21 = o. What is the remainder when 22 is divided by k?
6
Suppose -3*h + 2*x + 14 = -19, -3*h + x + 36 = 0. What is the remainder when (-1)/((-2)/98 - 0) is divided by h?
10
Suppose 2*b - 4*t - 126 = 0, 2*b + 2*b = -t + 270. Calculate the remainder when b is divided by 35.
32
Suppose 5*o = -5 - 35. Let u(p) = -p**3 - 8*p**2 - 3*p - 10. Suppose -3*x + 45 = -33. What is the remainder when x is divided by u(o)?
12
Let v = -22 + 49. Calculate the remainder when 106 is divided by v.
25
Let i = 11 + -8. Suppose i*g - 4*c = 83, -20 = 2*c + 2*c. Calculate the remainder when 62 is divided by g.
20
Suppose -2*m + 5 = -0*m + 3*w, -4*m = -3*w + 17. Let k = m + 56. What is the remainder when k is divided by 19?
16
Let u(z) = -5*z - 4. Let g(m) = -m - 1. Let y(w) = -9*g(w) + 2*u(w). Let t be y(-4). Suppose -t = 2*h - 35. What is the remainder when 27 is divided by h?
12
Let i(c) = 5*c**2 - 4*c + 3. Suppose 0 = -3*v - 2*v + 15. Calculate the remainder when i(v) is divided by 13.
10
Suppose 0 = a + 3*a. Calculate the remainder when 18 is divided by 2/(a + 2/10).
8
Suppose 2*k = -0*k - 6. Suppose 0 = 2*m + 4, -5*m = 5*x - 3*m - 56. Calculate the remainder when x is divided by (-13)/(-2) - k/6.
5
Let x be 45 - ((-2)/1)/(-1). Suppose -x = -2*v - 13. What is the remainder when 28 is divided by v?
13
Suppose 3*t - 4*s = t - 166, -118 = t + 5*s. Let h = -65 - t. Calculate the remainder when h is divided by 10.
8
Suppose 2*k = 3*l + 92, 3*l - 46 = -k + 7*l. Let c = 68 - k. Calculate the remainder when 42 is divided by c.
20
Suppose 4*b = a, 0*b - 4*b = -4*a + 12. Suppose -45 = -5*c + 5*u - 0*u, 2*c - 5*u = 27. What is the remainder when c is divided by a?
2
Let l = 26 + -18. Calculate the remainder when l is divided by (3 - 2)*2 + 1.
2
Let k(d) = d**3 - 12*d**2 - 13*d + 13. Suppose 0 = 5*a - 31 + 11. Let o(u) = 7*u - 4. What is the remainder when o(a) is divided by k(13)?
11
Let u = -120 + 226. Calculate the remainder when u is divided by 27.
25
What is the remainder when 151 is divided by 2/10 - 69/(-5)?
11
Let h(y) = -y**3 - y**2 + y - 2. What is the remainder when 72*((-1)/(-1))/(4 + -2) is divided by h(-3)?
10
Let m(h) = h**3 + 5*h**2 - h + 4. Let s = 17 - -7. Calculate the remainder when s is divided by m(-5).
6
Calculate the remainder when (37/111)/(1/165) is divided by 8.
7
Calculate the remainder when (-841)/(-5) + 13/(-65) is divided by 34.
32
Suppose 0 = -0*n - 3*n + 33. What is the remainder when 1 + 1/((-2)/(-62)) is divided by n?
10
Let u(a) = -a**3 - a**2 - 1. Let y(v) = -6*v**3 - 11*v**2 - 2*v - 6. Let b(i) = 5*u(i) - y(i). Calculate the remainder when b(-3) is divided by 5.
2
Let m = 53 + -33. Calculate the remainder when 30 is divided by m.
10
Let a(g) = -2*g - 7. Let n = 6 - 10. Calculate the remainder when a(n) is divided by 1.
0
Let m = -5 + 8. Let d(n) = 3*n. Let x be d(4). Suppose -3*z + m*r + x + 30 = 0, -3*r = 4*z - 49. Calculate the remainder when z is divided by 5.
3
Suppose 21 = 4*a - y + 2*y, -a - 2*y + 7 = 0. Suppose i - 1 = a. Calculate the remainder when 15 is divided by i.
3
Let b be (-990)/(-35) - 2/7. Let g = 53 - b. Suppose 4*j = -24 + 60. What is the remainder when g is divided by j?
7
Let f = -108 - -231. Calculate the remainder when f is divided by 18.
15
Suppose -3 = d - 1. Calculate the remainder when (7 - (2 + -4)) + 2 is divided by 2*-2 + (-14)/d.
2
Suppose -4*f - 49 = -3*j + 33, -5*f - 130 = -5*j. Suppose -o - 7 - 18 = -3*l, 29 = 4*l + 3*o. Calculate the remainder when j is divided by l.
6
Let u(w) = w**2 - 6*w + 11. Calculate the remainder when u(9) is divided by 8.
6
Let l(g) = g**2 + 6*g + 3. Let m be l(-6). Let b(u) = u**2 - 2*u + 1. Calculate the remainder when 6 is divided by b(m).
2
Let q(x) = 2*x**2 + 3*x + 1. Let u be q(-2). Suppose 0 = -u*b + b + 70. Let i = 3 + 6. Calculate the remainder when b is divided by i.
8
Let g = 167 + -129. Calculate the remainder when 145 is divided by g.
31
Let z be 3*-2*(-1)/2. Suppose -z + 11 = 4*w. What is the remainder when 3 is divided by w?
1
Let o = -175 + 185. Let f(u) = -2*u + 4. Let i be f(-5). Let l = 4 + i. What is the remainder when l is divided by o?
8
Suppose u + u = -10. Let t(x) = 4*x - 2. Let o(c) = 3*c - 1. Let f(q) = 5*o(q) - 6*t(q). What is the remainder when f(u) is divided by 18?
16
Suppose 16*g - 617 = -9. What is the remainder when g is divided by 15?
8
Suppose -y + 6 - 2 = 0. Let l = 1 - -2. Suppose l*k = -k + 44. What is the remainder when k is divided by y?
3
Let w = -16 - -48. Suppose 4*g = -4 + w. Suppose b = -2*u + 2*b + g, -3 = -3*b. Calculate the remainder when 15 is divided by u.
3
Suppose l - 5 = 4*j, 5*l - 2*l - 5 = 2*j. Let u = l - -50. What is the remainder when u is divided by (-80)/(-6) + 2/(-6)?
12
Let c be (-18)/(-15)*15/(-6). Let q(m) = -m**3 - 3*m**2 - m - 1. What is the remainder when 6 is divided by q(c)?
0
Let j(d) = d**3 + 10*d**2 - 14*d - 15. Let p be 90/(-8) - (-2)/8. What is the remainder when 4/(38/34 - 1) is divided by j(p)?
16
Suppose 5*j + 0*j = -4*g + 33, -4*j = 2*g - 18. Let l(u) = -u**2 + 7*u + 2. Calculate the remainder when 5 is divided by l(g).
1
Suppose 0 = 3*f - 31 - 74. Calculate the remainder when 68 is divided by f.
33
What is the remainder when (5 + 29)/((-2)/(-5)) is divided by 22?
19
Let d = 3 + 1. Suppose -v = 3*h + d, -h = 3*v - 4 - 8. Suppose 0 = v*n - 7*n + 116. What is the remainder when n is divided by 20?
18
Suppose o + 102 = 107. What is the remainder when 52 is divided by o?
2
Let z be 3/((27/6)/(-3)). Let c = -4 - z. Calculate the remainder when 22 is divided by (-5 - -1)*c*1.
6
Let h(r) = -28*r - 49. What is the remainder when h(-3) is divided by 13?
9
Suppose 30 = 3*x + g, -2*g = 4*x - 39 + 1. What is the remainder when x is divided by 3?
2
Calculate the remainder when (-144)/(-84)*(-14)/(-4) is divided by 3.
0
Let b(g) = -g**3 + 7*g**2 + 3*g - 14. What is the remainder when 19 is divided by b(7)?
5
Suppose -9 = r - 2*r. Suppose 8 = m - r. Let n = -45 - -110. What is the remainder when n is divided by m?
14
Suppose -3*o = -h - 8, -4*o + 3*h = o - 16. Suppose 4*f - 154 = -o*m - 18, -m - 5*f + 59 = 0. What is the remainder when m is divided by 25?
24
Suppose 2*s + 2*i + 20 = -0*i, 0 = 4*s + 2*i + 36. Suppose -122 = -4*c - 3*f, 1 = -f - 1. Calculate the remainder when c is divided by (-138)/s - 3/12.
15
Let r = -1 + -1. Calculate the remainder when r/4*60/(-3) is divided by 6.
4
Let u be 3 + 0/(0 + 3). Suppose -u*g + 58 = -0*y + 5*y, 5*g = -3*y + 102. What is the remainder when g is divided by 12?
9
Suppose -5*x + 39 = -71. Let k be (-2 + -21)/(2 - 1). Let h = -11 - k. Calculate the remainder when x is divided by h.
10
Let m = -2 + 5. Suppose -3*s = 4*r - 106, 4*r + 129 = m*s + 55. Calculate the remainder when s is divided by 16.
14
Let p(f) = 2*f - 5. Let d be p(4). Suppose -v - 28 = -d*v. Suppose h + 2 = 42. What is the remainder when h is divided by v?
12
Suppose 33 = m - 2. Calculate the remainder when m is divided by 12.
11
Let w = 9 - 14. Calculate the remainder when 64 is divided by 30 - (w + 0 - -2).
31
Suppose 0 = -r - 3*x - 9 - 1, 4*x = 5*r + 12. What is the remainder when (6/r)/(15/(-140)) is divided by 4?
2
Let o = 85 + -44. What is the remainder when 163 is divided by o?
40
Suppose 4*x + 14 = 6*x. Let c = x - -10. Suppose -2*b + 5*r - c = 2*b, 5*r - 25 = 0. Calculate the remainder when b is divided by 2.
0
Let q = 18 - 13. Let j(g) = -6*g**2 + 7*g**2 - q - 2 - 4*g. Calculate the remainder when 17 is divided by j(6).
2
Suppose 0 = -5*i + s + 16, 5*i - 8 = s + 2*s. Suppose 3*o + i*m = -5, 2*m + 2*m = -o - 15. What is the remainder when 8 is divided by o?
3
Suppose 5*y - 65 = -w - 11, 1 = -w. What is the remainder when (6/9)/(-2) - 256/(-12) is divided by y?
10
Let z(u) = u**2 + 5*u + 3. Calculate the remainder when 43 is divided by z(-6).
7
Let k(i) = -i**2 + 8*i - 2. Let o be k(7). Supp